0). Suppose 4*m - 11 = 17. Calculate the remainder when k/2*4 + 11 is divided by m.
6
Let r = 80 + -20. Let o = r - 39. What is the remainder when 41 is divided by o?
20
Let c(z) = z**3 - 8*z**2 + z - 3. Suppose 3*f = r - 3 - 9, 0 = -2*r - f + 45. Suppose d = r - 2. Calculate the remainder when d is divided by c(8).
4
Let o(x) = x**3 + 10*x**2 + x + 16. Calculate the remainder when o(-8) is divided by 35.
31
Let j = -36 - -52. Calculate the remainder when 58 is divided by j.
10
Let u = 224 + -212. Let n(j) = -47*j**2 - 1. Let i be n(-1). Calculate the remainder when 45 is divided by ((-128)/i)/(2/u).
13
Let t = -11 + 71. Let q = t + -18. Suppose -4*i - m = -59, 5*m = i - 8 - 12. Calculate the remainder when q is divided by i.
12
What is the remainder when 177 is divided by 122/4 - (-5)/(-10)?
27
Let l = -587 - -602. Calculate the remainder when 40 is divided by l.
10
Let g = -161 + 316. What is the remainder when g is divided by 53?
49
Let q = -117 + 225. Let a = q + -56. Calculate the remainder when a is divided by 9.
7
Let u be (-1284)/(-16) + 1/(-4). Suppose 8*j = 3*j + u. Let o(z) = 2*z**2 + 2*z - 11. What is the remainder when o(-5) is divided by j?
13
Suppose -78*s - 3 = -81*s. Calculate the remainder when (-79 - s)/(-4) - (-2)/2 is divided by 8.
5
What is the remainder when -9*(0 + -1 - 6) is divided by -17 + 22 + (4 - 1)?
7
Let p(v) = 2*v**2 + 4*v + 1. Let c be p(-4). Suppose -1 + c = 4*q. What is the remainder when q is divided by 3?
1
Suppose 2*m - 15 = -9*w + 12*w, 4*m + w = 37. Calculate the remainder when 728 is divided by m.
8
Let k = -35 - -38. Suppose q - 2*t = 20, -94 = -k*q + 5*t - 34. Calculate the remainder when q is divided by 8.
4
Let j(w) = 4*w**2 - 9*w - 30. What is the remainder when j(5) is divided by 7?
4
What is the remainder when (-4)/46 - (4284/(-69) - 12) is divided by 17?
6
Let b = 1119 + -847. Calculate the remainder when b is divided by 11.
8
Let x be (-1 + 2)*-2*-2. Calculate the remainder when 55 + x + (-2 - -3) is divided by 9.
6
Let f(o) = -70*o + 33. Calculate the remainder when f(-9) is divided by 111.
108
Suppose -4*y + 27 = 19. Suppose -4 = -y*t + 24. Suppose 4*u - 106 = -2*h, 3*u - 5 - 74 = -2*h. What is the remainder when u is divided by t?
13
Let h be 4/6*(-105)/(-14). Suppose -h*x - 100 = -280. Calculate the remainder when x is divided by 10.
6
Suppose 4*q - 27 = q. What is the remainder when 21 is divided by q?
3
Let k = -1635 + 3769. What is the remainder when k is divided by 12?
10
Let f = -4 + 8. Suppose f*p - 175 = 201. What is the remainder when p is divided by 32?
30
Suppose 5*x + 4*s - 221 = 0, 0 = 2*x - 13*s + 10*s - 93. Suppose -5*q - 9 = -2*r, 0*r + r + 3 = 5*q. What is the remainder when x is divided by r?
9
What is the remainder when 54 is divided by 6 + -4 + 0 + (7 - -6)?
9
Let u(z) = -z**2 + 4*z + 197. Let q be u(-12). Let r = 10 - -22. Let a = r - q. What is the remainder when a is divided by 15?
12
Let j be -2 + (0 - (4 + -8)). Calculate the remainder when (9 + -6)/((-3)/j) + 55 is divided by 4.
1
Suppose 3*n + 4*h + 517 = 0, -2*n - 415 = -3*h - 93. What is the remainder when 51 is divided by (-4)/(-26) + n/(-13)?
12
Let v(u) = 13*u - 6. Suppose -15*x + 150 = 10*x. Calculate the remainder when v(5) is divided by x.
5
Let s(m) = -4*m**2 + 10*m + 4. Let t be s(5). What is the remainder when (-8)/28 + t/(-14) is divided by 3?
0
Let r(p) = p**2 - 7*p + 11. Let x be 0 + 10 + (3 - 1) + -6. Calculate the remainder when 13 is divided by r(x).
3
Let o(i) = -i**3 + 25*i**2 - 63*i - 29. Let g = 12 + 8. What is the remainder when o(22) is divided by g?
17
Suppose -5*k + 5*x = -k - 28, 0 = -3*k - 5*x + 21. Calculate the remainder when 74*1 + ((-21)/(-3) - k) is divided by 16.
10
Let y(k) = -k**2 + 9*k + 27. Let j be y(11). What is the remainder when (16/6)/(j/15) is divided by 8?
0
Suppose -3*f + 4*v + 361 = 107, 0 = f - 2*v - 88. What is the remainder when f is divided by 25?
3
Suppose -2*q + 0*q = -16. Suppose -3*h + 54 = 5*a, h = -4*a + 31 + q. What is the remainder when 33 is divided by a?
6
Suppose 0 = 2*f + 2, -3*b = 3*f - 48 - 42. Let q = 21 + -26. What is the remainder when b is divided by (-2)/(-10) - 54/q?
9
Suppose 38*s = 40*s - 154. Let n = -50 + s. What is the remainder when 133 is divided by n?
25
Let x(l) = -31*l - 40. What is the remainder when 323 is divided by x(-4)?
71
Let q(t) = -t**3 - 13*t**2 + 14*t + 2. Let r be q(-14). Suppose -18 = j - r*b, 4*b = 3*j - 2*j + 16. What is the remainder when (-20)/3*330/j is divided by 28?
26
Let j(g) = 62*g + 7. Let s(k) = 185*k + 20. Let a(n) = -17*j(n) + 6*s(n). What is the remainder when a(3) is divided by 34?
33
What is the remainder when (6 + 10)/(-4) + 246 is divided by 61?
59
Let q be (-30)/195 - (-2)/(-26)*37. What is the remainder when (-16)/q*6/4 is divided by 8?
0
Suppose -3*u + 64 = -2*k + 7*k, 0 = -5*k - 2*u + 66. Calculate the remainder when 181 is divided by k.
13
Suppose -63 = -r + 5*x, 3*x - 10 - 53 = -r. Let y be (-3)/((-63)/6) + 372/(-28). Let i = 3 - y. What is the remainder when r is divided by i?
15
Let f(z) = -2*z - 5. Suppose 27*b + 109 = 28*b. Calculate the remainder when b is divided by f(-12).
14
Calculate the remainder when ((-1168)/(-24))/((-6)/(-9)) is divided by 3.
1
Let q(w) = -10*w - 8. Calculate the remainder when q(-8) is divided by (-6)/(-2) - (16 - 38).
22
What is the remainder when 93 is divided by (2 - 68/(-18)) + (-4)/(-18)?
3
What is the remainder when (-1966)/(-3) - 196/(-294) is divided by 132?
128
Let a(f) = -5*f**2 - 2*f**3 - 2*f - 2 - f - f + f. What is the remainder when (2/1)/(16/488) is divided by a(-3)?
13
Suppose -22*d = 70 - 246. Suppose 0 = 2*m + 2*b, b = -2*m - 3*m. Let j = d - m. What is the remainder when 14 is divided by j?
6
Suppose 6*c - 3*c = -117. Let w = c - -95. Calculate the remainder when w is divided by 29.
27
Let p = -508 - -549. Calculate the remainder when 98 is divided by p.
16
Let w(k) = 7*k - 64. What is the remainder when w(32) is divided by 78?
4
Let g = 10 + -15. Let p = -25 - g. What is the remainder when (-4 + (-72)/p)*-85 is divided by 18?
16
Suppose 0 = -5*j - 25, k - 4*j - 66 + 18 = 0. Calculate the remainder when 73 is divided by k.
17
Suppose r = -12 + 11, 3*r = 3*i - 333. What is the remainder when i is divided by 89?
21
Calculate the remainder when 67 is divided by (-12)/3 - -43*(0 - -1).
28
Suppose -3*y - k = -180, -4*y + 2*k + 240 = 4*k. What is the remainder when 177 is divided by y?
57
Suppose 11 + 37 = 6*y. What is the remainder when 2/(((-12)/16)/((-537)/y)) is divided by 14?
11
Let k be 8/((1/78)/1). Suppose 4*z = -4*l + 604, 2*z - 3*z - k = -4*l. Calculate the remainder when 12 is divided by l/25 + 8/10.
5
Suppose 5*t + 42 = 242. Let z be ((-12)/10)/((-12)/t). Suppose -a - 15 = -z*a. Calculate the remainder when 14 is divided by a.
4
Let m = 24 + -19. Suppose v = 2*j + 6, 4*v + m*j = 2*v + 39. What is the remainder when v is divided by 8?
4
Let n(k) = 4*k**2 + 87*k - 96. Calculate the remainder when 759 is divided by n(-23).
18
Let x = 868 + -766. Calculate the remainder when 304 is divided by x.
100
Let d be 4/22 + 68/(-11). Let m(v) = v**2 + 3*v - 10. Calculate the remainder when 42 is divided by m(d).
2
Let d = -131 + 352. What is the remainder when d is divided by 32?
29
Let v = -258 - -269. Calculate the remainder when 73 is divided by v.
7
Suppose -1050 = -11*h + h. Calculate the remainder when h is divided by (28 - 6) + 10/2.
24
Let s be -2 + -1 + 7 - 4. What is the remainder when (50*-1)/(-1 - s) is divided by 26?
24
Let u(h) = 23*h + 2. Calculate the remainder when 71 is divided by u(1).
21
Let r be 96 - (-1 - 1) - -4. Suppose -r = -4*f + 34. What is the remainder when 135 is divided by f?
33
Suppose a - 2 = -5*v, 4*v = 3*v + 3*a - 6. Suppose l + 4*m = 6*l - 146, v = -4*l + 3*m + 116. What is the remainder when 66 is divided by l?
14
Let t = 36 + -36. Suppose t = 13*i - 8*i - 35. Calculate the remainder when 33 is divided by i.
5
Let f(s) = s**3 - 5*s**2 + 10*s + 5. Let u be f(5). Suppose -2*v + 5*n + u = -1, -4*n + 107 = 3*v. Calculate the remainder when 128 is divided by v.
29
Suppose 4*a = -2*t - 50, 21 = -3*a + 4*t - 0*t. Let j = a + 19. Calculate the remainder when 12 is divided by j.
4
Suppose -27 = -2*p + i, -6*i + 28 = 3*p - 1